{"id":105,"date":"2022-05-04T12:29:17","date_gmt":"2022-05-04T12:29:17","guid":{"rendered":"https:\/\/eleventeam.hu\/?page_id=105"},"modified":"2022-05-04T12:29:17","modified_gmt":"2022-05-04T12:29:17","slug":"szolgaltatasok","status":"publish","type":"page","link":"https:\/\/eleventeam.hu\/","title":{"rendered":"Szolg\u00e1ltat\u00e1sok"},"content":{"rendered":"\n<p><strong>Tanul\u00e1si k\u00e9pess\u00e9gm\u00e9r\u00e9sek: <\/strong>3 \u00e9vesekt\u0151l &nbsp;&nbsp;&nbsp;18 \u00e9vesekig &nbsp;&nbsp;t\u00f6bb fajta komplex pedag\u00f3giai m\u00e9r\u00e9s, \u00e9s m\u00e9g ann\u00e1l is t\u00f6bb! &nbsp;A vizsg\u00e1lat v\u00e9g\u00e9n megmutatom a gyermeked eredm\u00e9nyeit, \u00e9s besz\u00e9lget\u00fcnk arr\u00f3l, milyen megold\u00e1sokra van sz\u00fcks\u00e9ge Neki. T\u0151lem konkr\u00e9t v\u00e1laszokkal indulsz majd haza, de a vizsg\u00e1lat ut\u00e1n 3-4 h\u00e9ten bel\u00fcl \u00edr\u00e1sban is elk\u00fcld\u00f6m a gyermeked teljes k\u00e9pess\u00e9gprofilj\u00e1t. H\u00edvj fel \u00e9s megbesz\u00e9lj\u00fck mire van sz\u00fcks\u00e9getek, a r\u00e9szletes t\u00e1j\u00e9koztat\u00e1st is elmondom. &nbsp;&nbsp;&nbsp;&nbsp;<\/p>\n\n\n\n<p><strong>Foglalkoz\u00e1sok ovisoknak<\/strong>: h\u00e9tk\u00f6znapokon d\u00e9lel\u0151tt \u00e9s h\u00e9tf\u0151n\/szerd\u00e1n kora d\u00e9lut\u00e1n&nbsp; 4-7 \u00e9veseknek.<\/p>\n\n\n\n<p><strong>Foglalkoz\u00e1sok iskol\u00e1soknak:<\/strong> minden foglalkoz\u00e1s nagyon komplex, tartalmaz r\u00e9szk\u00e9pess\u00e9gfejleszt\u00e9st + tanul\u00e1sm\u00f3dszertant+ tananyag gyakorl\u00e1st, f\u00f3kuszban a koncentr\u00e1l\u00e1s fokoz\u00e1sa&nbsp; (h\u00e9tf\u0151t\u0151l cs\u00fct\u00f6rt\u00f6kig 14.00.-16.00. \u00e9s 16.00.-18.00.)<\/p>\n\n\n\n<p><strong>Egy\u00e9ni &nbsp;foglalkoz\u00e1sok gyermekeknek:<\/strong> viselked\u00e9ster\u00e1pia &nbsp;vagy &nbsp;ment\u00e1lhigi\u00e9n\u00e9s foglalkoz\u00e1s, ezekhez egy\u00e9ni id\u0151pontegyeztet\u00e9s sz\u00fcks\u00e9ges, \u00e1ltal\u00e1ban p\u00e9ntekenk\u00e9nt tartom ezeket.<\/p>\n\n\n\n<p><strong>4\/6\/8 \u00f3r\u00e1s tr\u00e9ningek gyerekeknek: <\/strong>mindig az aktu\u00e1lisan meghirdetett t\u00e9m\u00e1kban \u00e9s id\u0151pontokban. Olvasd &nbsp;a H\u00edreim men\u00fct, vagy az FB oldalamat, de \u00e9rdekl\u0151dhetsz is ezekr\u0151l telefonon.<\/p>\n\n\n\n<p><strong>Tan\u00e1csad\u00e1s -konzult\u00e1ci\u00f3 feln\u0151tteknek, sz\u00fcl\u0151knek:<\/strong> egy\u00e9ni ig\u00e9ny szerint, id\u0151pont egyeztet\u00e9st k\u00f6vet\u0151en fogunk tal\u00e1lkozni, ak\u00e1r szem\u00e9lyesen, ak\u00e1r online is. &nbsp;<\/p>\n\n\n\n<p><strong>Ny\u00e1ri sz\u00fcnetben foglalkoz\u00e1sok:<\/strong> tananyagp\u00f3tl\u00e1s + figyelemfejleszt\u00e9s komplexen, \u00edgy a k\u00f6vetkez\u0151 tan\u00e9vre sok probl\u00e9ma kik\u00fcsz\u00f6b\u00f6lhet\u0151v\u00e9 v\u00e1lik. ( az el\u0151re &nbsp;meghirdetett napokon)<\/p>\n","protected":false},"excerpt":{"rendered":"<p>Tanul\u00e1si k\u00e9pess\u00e9gm\u00e9r\u00e9sek: 3 \u00e9vesekt\u0151l &nbsp;&nbsp;&nbsp;18 \u00e9vesekig &nbsp;&nbsp;t\u00f6bb fajta komplex pedag\u00f3giai m\u00e9r\u00e9s, \u00e9s m\u00e9g ann\u00e1l is t\u00f6bb! &nbsp;A vizsg\u00e1lat v\u00e9g\u00e9n megmutatom a gyermeked eredm\u00e9nyeit, \u00e9s besz\u00e9lget\u00fcnk arr\u00f3l, milyen megold\u00e1sokra van sz\u00fcks\u00e9ge Neki. T\u0151lem konkr\u00e9t v\u00e1laszokkal indulsz majd haza, de a vizsg\u00e1lat ut\u00e1n 3-4 h\u00e9ten bel\u00fcl \u00edr\u00e1sban is elk\u00fcld\u00f6m a gyermeked teljes k\u00e9pess\u00e9gprofilj\u00e1t. H\u00edvj fel \u00e9s megbesz\u00e9lj\u00fck&#8230;<\/p>\n","protected":false},"author":1,"featured_media":0,"parent":0,"menu_order":0,"comment_status":"closed","ping_status":"closed","template":"","meta":{"footnotes":""},"class_list":["post-105","page","type-page","status-publish","hentry"],"aioseo_notices":[],"_links":{"self":[{"href":"https:\/\/eleventeam.hu\/index.php\/wp-json\/wp\/v2\/pages\/105","targetHints":{"allow":["GET"]}}],"collection":[{"href":"https:\/\/eleventeam.hu\/index.php\/wp-json\/wp\/v2\/pages"}],"about":[{"href":"https:\/\/eleventeam.hu\/index.php\/wp-json\/wp\/v2\/types\/page"}],"author":[{"embeddable":true,"href":"https:\/\/eleventeam.hu\/index.php\/wp-json\/wp\/v2\/users\/1"}],"replies":[{"embeddable":true,"href":"https:\/\/eleventeam.hu\/index.php\/wp-json\/wp\/v2\/comments?post=105"}],"version-history":[{"count":1,"href":"https:\/\/eleventeam.hu\/index.php\/wp-json\/wp\/v2\/pages\/105\/revisions"}],"predecessor-version":[{"id":106,"href":"https:\/\/eleventeam.hu\/index.php\/wp-json\/wp\/v2\/pages\/105\/revisions\/106"}],"wp:attachment":[{"href":"https:\/\/eleventeam.hu\/index.php\/wp-json\/wp\/v2\/media?parent=105"}],"curies":[{"name":"wp","href":"https:\/\/api.w.org\/{rel}","templated":true}]}}