{"id":79,"date":"2022-05-04T12:11:39","date_gmt":"2022-05-04T12:11:39","guid":{"rendered":"https:\/\/eleventeam.hu\/?page_id=79"},"modified":"2022-05-04T12:57:06","modified_gmt":"2022-05-04T12:57:06","slug":"kapcsolat","status":"publish","type":"page","link":"https:\/\/eleventeam.hu\/index.php\/kapcsolat\/","title":{"rendered":"Kapcsolat"},"content":{"rendered":"\n<p>Eleven Team St\u00fadi\u00f3 ( ha aut\u00f3val \u00e9rkeztek, akkor biztons\u00e1gosan sz\u00e1ll majd ki a gyermeked, mert az \u00e9p\u00fclet udvar\u00e1ra beparkolhatsz a vend\u00e9gparkol\u00f3ba, vagy k\u00f6zvetlen\u00fcl az \u00e9p\u00fclet bej\u00e1rat\u00e1n\u00e1l is meg\u00e1llhatsz az aut\u00f3ddal,&nbsp; a bejut\u00e1shoz a f\u0151bej\u00e1ratn\u00e1l soromp\u00f3s portaszolg\u00e1lat van, ahol mondd meg, hozz\u00e1m \u00e9rkezel)<\/p>\n\n\n\n<p>1021 Bp. H\u0171v\u00f6sv\u00f6lgyi \u00fat 83. ( 2022. m\u00e1jus 31.-ig)<\/p>\n\n\n\n<p>1021-Bp. H\u0171v\u00f6sv\u00f6lgyi \u00fat 54.&nbsp;&nbsp; II.\u00e9p\u00fclet&nbsp;&nbsp;&nbsp; I.emelet\/110&nbsp; ( 2022. j\u00fanius 16.-t\u00f3l)<\/p>\n\n\n\n<p><a href=\"https:\/\/www.facebook.com\/ildiko.javori\">https:\/\/www.facebook.com\/ildiko.javori<\/a><\/p>\n\n\n<div class=\"wpforms-container wpforms-container-full wpforms-block\" id=\"wpforms-130\"><form id=\"wpforms-form-130\" class=\"wpforms-validate wpforms-form wpforms-ajax-form\" data-formid=\"130\" method=\"post\" enctype=\"multipart\/form-data\" action=\"\/index.php\/wp-json\/wp\/v2\/pages\/79\" data-token=\"73dd43206cb469ff7b6ae364da5b0833\" data-token-time=\"1778670456\"><noscript class=\"wpforms-error-noscript\">Please enable JavaScript in your browser to complete this form.<\/noscript><div class=\"wpforms-field-container\"><div id=\"wpforms-130-field_0-container\" class=\"wpforms-field wpforms-field-name\" data-field-id=\"0\"><label class=\"wpforms-field-label\" for=\"wpforms-130-field_0\">N\u00e9v <span class=\"wpforms-required-label\">*<\/span><\/label><input type=\"text\" id=\"wpforms-130-field_0\" class=\"wpforms-field-medium wpforms-field-required\" name=\"wpforms[fields][0]\" required><\/div><div id=\"wpforms-130-field_1-container\" class=\"wpforms-field wpforms-field-email\" data-field-id=\"1\"><label class=\"wpforms-field-label\" for=\"wpforms-130-field_1\">Email <span class=\"wpforms-required-label\">*<\/span><\/label><input type=\"email\" id=\"wpforms-130-field_1\" class=\"wpforms-field-medium wpforms-field-required\" name=\"wpforms[fields][1]\" spellcheck=\"false\" required><\/div><div id=\"wpforms-130-field_2-container\" class=\"wpforms-field wpforms-field-textarea\" data-field-id=\"2\"><label class=\"wpforms-field-label\" for=\"wpforms-130-field_2\">\u00dczenet <span class=\"wpforms-required-label\">*<\/span><\/label><textarea id=\"wpforms-130-field_2\" class=\"wpforms-field-medium wpforms-field-required\" name=\"wpforms[fields][2]\" required><\/textarea><\/div><\/div><!-- .wpforms-field-container --><div class=\"wpforms-submit-container\" ><input type=\"hidden\" name=\"wpforms[id]\" value=\"130\"><input type=\"hidden\" name=\"page_title\" value=\"\"><input type=\"hidden\" name=\"page_url\" value=\"https:\/\/eleventeam.hu\/index.php\/wp-json\/wp\/v2\/pages\/79\"><input type=\"hidden\" name=\"url_referer\" value=\"\"><button type=\"submit\" name=\"wpforms[submit]\" id=\"wpforms-submit-130\" class=\"wpforms-submit\" data-alt-text=\"Folyamatban...\" data-submit-text=\"K\u00fcld\u00e9s\" aria-live=\"assertive\" value=\"wpforms-submit\">K\u00fcld\u00e9s<\/button><img loading=\"lazy\" decoding=\"async\" src=\"https:\/\/eleventeam.hu\/wp-content\/plugins\/wpforms-lite\/assets\/images\/submit-spin.svg\" class=\"wpforms-submit-spinner\" style=\"display: none;\" width=\"26\" height=\"26\" alt=\"Loading\"><\/div><\/form><\/div>  <!-- .wpforms-container -->","protected":false},"excerpt":{"rendered":"<p>Eleven Team St\u00fadi\u00f3 ( ha aut\u00f3val \u00e9rkeztek, akkor biztons\u00e1gosan sz\u00e1ll majd ki a gyermeked, mert az \u00e9p\u00fclet udvar\u00e1ra beparkolhatsz a vend\u00e9gparkol\u00f3ba, vagy k\u00f6zvetlen\u00fcl az \u00e9p\u00fclet bej\u00e1rat\u00e1n\u00e1l is meg\u00e1llhatsz az aut\u00f3ddal,&nbsp; a bejut\u00e1shoz a f\u0151bej\u00e1ratn\u00e1l soromp\u00f3s portaszolg\u00e1lat van, ahol mondd meg, hozz\u00e1m \u00e9rkezel) 1021 Bp. H\u0171v\u00f6sv\u00f6lgyi \u00fat 83. ( 2022. m\u00e1jus 31.-ig) 1021-Bp. H\u0171v\u00f6sv\u00f6lgyi \u00fat 54.&nbsp;&nbsp;&#8230;<\/p>\n","protected":false},"author":1,"featured_media":0,"parent":0,"menu_order":0,"comment_status":"closed","ping_status":"closed","template":"","meta":{"footnotes":""},"class_list":["post-79","page","type-page","status-publish","hentry"],"aioseo_notices":[],"_links":{"self":[{"href":"https:\/\/eleventeam.hu\/index.php\/wp-json\/wp\/v2\/pages\/79","targetHints":{"allow":["GET"]}}],"collection":[{"href":"https:\/\/eleventeam.hu\/index.php\/wp-json\/wp\/v2\/pages"}],"about":[{"href":"https:\/\/eleventeam.hu\/index.php\/wp-json\/wp\/v2\/types\/page"}],"author":[{"embeddable":true,"href":"https:\/\/eleventeam.hu\/index.php\/wp-json\/wp\/v2\/users\/1"}],"replies":[{"embeddable":true,"href":"https:\/\/eleventeam.hu\/index.php\/wp-json\/wp\/v2\/comments?post=79"}],"version-history":[{"count":4,"href":"https:\/\/eleventeam.hu\/index.php\/wp-json\/wp\/v2\/pages\/79\/revisions"}],"predecessor-version":[{"id":138,"href":"https:\/\/eleventeam.hu\/index.php\/wp-json\/wp\/v2\/pages\/79\/revisions\/138"}],"wp:attachment":[{"href":"https:\/\/eleventeam.hu\/index.php\/wp-json\/wp\/v2\/media?parent=79"}],"curies":[{"name":"wp","href":"https:\/\/api.w.org\/{rel}","templated":true}]}}